he value of 16 + -1 - ((15 - -44) + 5 + -70)?
21
What is -4 + (-17 + 31 - -40)?
50
What is 2551 + -2541 - ((1 - -2 - -1) + 2)?
4
Calculate (-11032 - -10929) + (-1 - -16).
-88
What is (-50 + 19 - -28) + 7 - (1 + -14 + 1)?
16
-31 - -13 - (10 - (5 + -4 - -12))
-15
What is 9 + (-3 - ((-9 - -99) + 3)) - (7 + 5)?
-99
What is (4 - 2) + -82 + (250 - 85) + -157?
-72
What is the value of 10 - ((14 - 1) + (-24 + 20 - 54))?
55
What is the value of (-6 - (-12 + 9)) + 7 + (7 + -6 - 47)?
-42
(9 - -5) + -1 + (-7 - 2 - 78)
-74
What is the value of (-17 - (-2 - 5)) + (237 - 249 - (32 - 1))?
-53
What is 11 - 19 - (-57 - -4)?
45
What is the value of 4089 + -4092 + (-76 - -2 - (2 - 1)) + -3?
-81
What is (35 - -2) + (-13 - (1 - (-15 - -12 - -20)))?
40
Calculate -27 + (-4 - (-12 + -5)) - (36 + 0).
-50
(4 - 27) + -49 + 79
7
Calculate (-11 + 2 + -9 - 4) + 6 + 3.
-13
What is the value of (9 - -11 - 16 - 20) + 2?
-14
Calculate -1 - (11 + 0) - (3 - -34 - (-929 + 1089)).
111
-33 + 2 - (34 + -33 + (43 - 33))
-42
(26 - 3) + -39 + -42 + -29
-87
-201 + -49 + 33 + 123
-94
What is the value of (-2412 + 2404 - (-5 - (-1 + 2))) + -21 + 0?
-23
49 + (104 - 123 - 31)
-1
(13 - 0) + (-3 - 2) - (-21 - -14)
15
-122 + (-101 - -183) + 99
59
Evaluate -5 + (-47 - (-29 + 12)).
-35
-108 + 155 - (0 - -45)
2
What is the value of 178 - -3 - (-4314 + 4410)?
85
(-154 - -142) + (-8 - -31)
11
What is the value of ((1 - 5) + -1 - (162 + -160)) + -1 + -12?
-20
116 + -228 - (51 - 235)
72
What is (49 + -44 - -1 - -3) + -118?
-109
What is 24 - (-953 + 981 + -39 + 1)?
34
(38 + -95 - -57) + -39
-39
Evaluate -129 - 0 - (11059 - 11125).
-63
What is 5 + 2 + 16 + (-15 - 39) + 48?
17
What is 95 + -117 + -2 + -3 - -6?
-21
What is the value of -20 + -38 - ((-8 - 12) + -12)?
-26
Evaluate 559 + -538 - ((1 - 0) + 7 + 0 + -1).
14
-3 + -44 - ((-1 - -14 - (-253 - -277)) + 11)
-47
What is -1 + -2 - -15 - -4 - (-728 - -718)?
26
What is the value of -3 + 56 + 33 - (0 + (-7 - -10))?
83
Evaluate (374 - 389) + (2 - 0 - 0) + -9.
-22
Evaluate 74 - (-17 - (-51 - (5 + -25))) - (2 - 1).
59
Calculate -11 + -31 + (11 - (34 - 67)).
2
-17 + -20 - 19 - -49
-7
What is the value of -12 + (121 - 115) + -1 + 40 + 0?
33
Evaluate -19 + 1 - 13 - -17 - 15.
-29
What is the value of (73 - 90) + (0 - -46) - (1 + 9)?
19
-96 - -165 - 105 - (-1 - -3)
-38
Evaluate 32 - (31 + -11) - (-4 + 0).
16
-10 + (5 - 0) + 75 + (5 - 8)
67
What is 46 - 94 - (5 + (6 - 8) - -3 - 3)?
-51
Calculate -32 + 52 + (32 - 12).
40
Calculate 38 + 6 + 2 - (-358 - -345).
59
Evaluate 8 + -3 + 0 + -45 + 29.
-11
Calculate 37 - ((-20 - 34) + 84).
7
Calculate 94 + ((-87 - -19) + 51 - (-1 + 2)).
76
What is the value of 5 + 0 + (-22 - (10 - 73))?
46
Evaluate -86 + -65 + (102 - 13).
-62
Calculate (-4 - 3 - (-40 - -13)) + -38 - -110.
92
What is the value of -5 - (4 + 32) - ((-88 - -96) + -9 + 0)?
-40
(9 - 1) + 2 + 11 + (-17 - (17 + -31))
18
64 - ((9 - -33) + -2 - 14)
38
Evaluate -34 + 20 + -11 + 48.
23
What is (4 - 14) + -4 - 6 - (2 - 8)?
-14
What is (1 + -28 - (210 + -206)) + (2 - -7)?
-22
What is the value of (61 - 0) + (-4 + -14 - (-2 + 18 + -23))?
50
-11 - -75 - (98 - 65)
31
Calculate 10 + (1 - (5 + -16)) - 34.
-12
Calculate 72 + -2 - (24 - (9 + 4 - (38 - 43))).
64
-1 + -1 + (-20 - -7) + 5 - 25
-35
Evaluate 17 - (3 + -7 + -1 + 5 + 99 + -98).
16
Evaluate (-16 + -11 - -4) + (-4 - 4) - -14.
-17
What is the value of 42 - (15 + 13 + -1)?
15
6 + 5 + -1 - (-41 + (-22 - -28))
45
Calculate (3 - 1) + -3 + 0 + -9 + (-401 - -396).
-15
Evaluate 23 - 16 - (-21 + 11 + 15 - (0 - -9)).
11
-3 + -7 + (31 - (-72 + (3 - -24)))
66
What is the value of (14 - 116) + 13 - (79 - 83)?
-85
What is the value of (11 - (-19 + -2 - -44)) + -30?
-42
Calculate -349 + 338 + (-1 - (-5 + -1)) + -3 + -50.
-59
Calculate -6 + (12 - (27 + 53 + -21)).
-53
Evaluate (1 + 9 - -3) + 2 + -8 - -8.
15
Evaluate 80 - (56 + -78) - -12.
114
Evaluate (7 - 3) + -8 + (6 - 6).
-4
Calculate 153 + -2 - (-84 - (-4 - 88)).
143
What is -42 - ((10 - (27 + -9)) + -11)?
-23
-58 - -65 - (-3 - (3 - 6) - -3)
4
What is (79 - (142 - -20)) + 23?
-60
What is the value of 0 - (-5 + 2) - 1 - 0 - (-1846 - -1733)?
115
9 + -52 + -15 - (16 - 38)
-36
Evaluate (4 + (-58 - -6) - 5) + (-5 + 10 - 5).
-53
Evaluate -79 + 246 + -247 - (-24 - 2).
-54
-4 + 6 + -1 - (7 - -17 - 20)
-3
Calculate -62 - (-100 + -50 - -9).
79
Evaluate 713 - 699 - (20 + -3 + 5).
-8
What is (-6 - 8) + -80 + (-3 - -5 - -5) - 5?
-92
-23 - (-28 + -2 + 26 + -44) - 134
-109
What is 29 + (-4 - 12 - (-1 + 4)) - 103?
-93
Calculate -56 + -7 + 0 + 10 + 22.
-31
What is the value of 18 + (-33 - -48 - -4 - (10 + 4))?
23
Evaluate -1 + 8 + -22 + (28 - 2 - 13).
-2
What is (-53 - -253) + -221 - (1 - 80)?
58
What is -20 - ((-8 - -81) + -57)?
-36
What is the value of 55 + (15 - (49 + -1))?
22
Evaluate 1 + -59 + 2 + 2 + 5 + -8 - 3.
-60
49 - (-11 - -5 - ((-5 - 4) + -7))
39
What is the value of -47 + 56 - (2 - (5 - ((5 - 90) + 2)))?
95
What is 10 - -14 - (72 + -24) - 9?
-33
What is (18 - (2 + 17 - 7)) + 23?
29
What is the value of 3 + 51 + (-2 - -7) - ((-4 - -3) + 7)?
53
Calculate (-29 + 17 - (36 - 72)) + (-67 - 1).
-44
Calculate (43 - (-1 - -47)) + 10.
7
What is 13 + -1 + 7 + (-4 - 13) - -6?
8
What is the value of (-73 - 1) + (183 + -178 - (2 - 12))?
-59
What is 10 + (-14 - 0 - (7 + -7)) + 0?
-4
What is (11 - 3) + 57 + -66 - 10 - (52 + 3)?
-66
What is -51 + (131 - 165) - -99?
14
-7 - (-23 - ((-10 - (14 + -25)) + -17))
0
Evaluate (10 + (23 - 17) - (3 + 10)) + 31.
34
Calculate -60 - (29 + -184 + 47).
48
Calculate -76 + 2 + 24 + 2 - (-3 - 2).
-43
What is the value of 10 + -16 + 22 - (38 - 2)?
-20
(-1 - (-40 + -8 + 25)) + -8
14
What is (-49 - -86) + -74 + -8?
-45
Evaluate (44 + -40 - 77) + 131.
58
Calculate (122 - (135 - -29)) + (-16 - -2).
-56
What is the value of 5 - (11 + (4 - 4)) - (27 + (0 - 8))?
-25
0 + -12 + 12 + -1 + 411 + -438 + 3
-25
What is -153 - (-42 + 1 - 69)?
-43
45 - -2 - ((18 - (25 - 11)) + -7 + 0)
50
-29 + (65 - 35) + 17 + 19
37
What is -2 - (96 - 2) - (-134 + (35 - -99))?
-96
What is the value of (-24 + 131 - 59) + (-7 + 3 - (0 + 5))?
39
(-16 - (-7 + -7 + -13) - (3 + -58)) + 4
70
92 - -3 - ((-129 - -186) + -17)
55
Evaluate -68 + -5 + (3 - -8) + (109 - 119).
-72
Calculate 123 + -75 - 28 - (-2 + 55).
-33
Calculate 15 + 11 + 5 - 17.
14
Evaluate 15 + 2 + (-86 - (-76 - -3)).
4
Calculate (4 - 0) + -20 - (956 - 974).
2
Evaluate -18 - (60 + (76 - 75)).
-79
Calculate -3 + -39 - (36 - 13 - 39).
-26
Calculate 10 + -11 + -2 + (13 - 7 - -10).
13
Evaluate (-10 - 26) + 27 + (10 - -2) + 89.
92
-45 - (-38 - (50 + 6))
49
What is -91 + 92 - (51 - -28)?
-78
What is (-2298 - -2280) + (2 - 74) + 5?
-85
What is 1 + 10 + (-12 - (-15 + 6)) + 7 + -77?
-62
What is 4 - -3 - (-117 + 91)?
33
Evaluate (-4 - 13) + (137 - 72).
48
What is (7 - (1 - 3)) + (1 + -35 - (1733 - 1804))?
46
What is -5 + (-7 - -3) + 4 + (159 - 118)?
36
What is the value of -163 - -59 - -70 - -109?
75
Calculate (-7 - 0) + -1 + 1 - (119 + (71 - 227)).
30
What is the value of (0 - (-8 - 2)) + 30 + 34 + 18?
92
What is the value of (7 - 10 - 2) + 82 + 17 + (0 - 9)?
85
Calculate (30 + -55 - -32) + 2 + 109 + 5 + -10.
113
60 + -45 + 2 + -33
-16
What is the value of -12 + 3 + (2 - 5) + 12 + 54?
54
-1 - 114 - (36 + -1 + (40 - 90))
-100
What is 103 + -6 + 12 + -24 - 23?
62
-11 - (11 + -18 + 12 - 18) - 77
-75
What is 41 + (18 - 39) + 17?
37
25 - (13 + 1 + 70 + -69) - -54
64
What is the value of 158 - (-62 - (-30 + -32) - (-9 + 1))?
150
-51 + 123 + 1 + -54
19
What is the value of 19 - (-5 - 1 - (-6 + -9 + 21))?
31
Calculate 39 + (9 - (25 + -72)).
95
What is the value of -14 - (-52 - 44) - 122?
-40
What is the value of (-55 - 18) + 87 - (22 + 2)?
-10
Calculate 8 + (62 - ((4 + -13 - -14) + -13)).
78
Calculate 133 - ((18 - (-5 - -18)) + 1 + 5).
122
-51 + (-44 - -184) - 153
-64
Calculate -25 - (-32 + (-44 - -22)).
29
Evaluate -25 + (0 - (-1 - 13 - -8 - 2)).
-17
Evaluate (13 - ((13 - 71) + 3)) + (-16 - -4).
56
Evaluate -33 + 16 + (-18 - -12) - -4.
-19
Evaluate (-174 + 123 - 21) + -32.
-104
Calculate -20 + -1 + 0 + (-10 - 4) + 19.
-16
Calculate (25 - (-18 + 43 - -2)) + 44.
42
-44 - ((-35 - -47) + 10 + (0 - 10))
-56
What is -5 + (16 - 15) + (-13 - -17) + (4 - -2)?
6
Evaluate 4 + (23 - (24 + 14) - 24).
-35
What is 16 - (-22 + (12 - -44) - 9)?
-9
What is the value of (-3 - 